4 + (-16 - -39).
9
What is -4 + -6 + 6 - -7?
3
Calculate -1 - (3 + (-2 - -4) - 7).
1
What is the value of -8 + 7 - (2 - 0)?
-3
Evaluate 9 - 0 - (-9 + 13).
5
Evaluate -11 - -1 - (13 - 18) - -9.
4
Evaluate (-1 - -2 - 0) + 1.
2
What is 0 - (6 + -13 - -2)?
5
What is the value of (1 - 7) + 0 + -1 + 4?
-3
What is the value of (31 - 27) + (1 - 2) + -7?
-4
What is the value of 1 + 1 - (39 + -46)?
9
Evaluate 5 - 1 - (-11 + 11).
4
Evaluate -1 + 0 + -43 + 47.
3
Evaluate 0 + -4 - (81 - 85).
0
Evaluate -5 + -6 + 4 - -3.
-4
Calculate -1 - (-10 + (4 - 0)) - 6.
-1
What is the value of -7 - -3 - -4 - (0 - -2)?
-2
What is the value of -10 - (-8 - 4 - 4)?
6
What is the value of 1 + -4 + 0 + -4 - -7?
0
Evaluate (15 - 23) + 7 + -1.
-2
What is 2 + (4 - (4 - 5 - -5))?
2
Calculate -3 + 0 + 2 + 2.
1
-17 + (14 - 10) - -18
5
What is -2 - (-3 + (-5 - -4))?
2
What is the value of -9 + -3 + 14 + -1?
1
Evaluate (2 - 2) + -3 + (-2 - -4).
-1
Evaluate 45 - 38 - (0 - -2 - 2).
7
8 - (3 + 0) - (26 + -25)
4
Calculate -2 - ((-5 - 0) + (2 - -3)).
-2
What is -1 - ((3 - 6) + -3)?
5
7 + -10 - (0 - (1 - 2))
-4
Evaluate 3 + 5 - (-5 - -9).
4
Calculate 12 + -15 + -12 + 7.
-8
Evaluate -1 - (-1 + -2) - 3 - 2.
-3
-5 + 6 + 0 + -2 + 5
4
What is (-9 - -13) + 0 + -5?
-1
Calculate -4 - (0 + 9 + -7).
-6
Evaluate -17 + 17 + (-2 - (-2 + -9)).
9
Calculate (-1 - 1 - 1) + 4.
1
Calculate -12 - -15 - (0 + 0).
3
0 - 7 - (0 - (-13 + 13))
-7
8 + -3 + (3 - 4)
4
What is the value of -3 - -4 - -2 - 4?
-1
What is the value of (0 - -2) + 1 + (-13 - -13)?
3
What is 2 - (8 + -5) - (-5 - 0)?
4
Calculate 1 + (-2 - -4) + -5.
-2
-7 - (6 - (24 - 10))
1
What is the value of 6 - (-3 + -1 + 12)?
-2
What is 7 + -20 - -12 - (3 - -3)?
-7
0 + (-13 - -3) - (-6 + 0)
-4
What is the value of -5 + (41 - 35) + (-1 - 3)?
-3
Calculate 5 + 5 + -14 + 4 + -1.
-1
-2 - 7 - (22 - 23)
-8
What is the value of 0 + -2 + (-2 + -7 - -6)?
-5
What is the value of -2 + -3 + (2 - (-3 + 3))?
-3
What is -6 + 1 + (16 - 6)?
5
-12 + 7 + 5 - -2
2
What is the value of 3 + 1 + (-6 - -11 - 9)?
0
What is the value of (-8 - (-10 - -4)) + -4?
-6
What is -6 + 8 + -11 + 6?
-3
Calculate (-4 - -6) + 2 + -5.
-1
Calculate -6 - (0 + -3) - -4.
1
Calculate -2 - -7 - 1 - 1.
3
Calculate -1 + 2 + (-2 - 2) + 4.
1
Evaluate (3 - (-3 + -1)) + -4.
3
What is the value of -4 + -1 + (-2 - -10)?
3
6 - 11 - (-7 + -1) - 1
2
Evaluate 7 + -7 + (3 - 4) + -6.
-7
Evaluate 1 - (-1 - (-4 - 0)).
-2
-6 - ((-2 - 4) + (1 - -1))
-2
What is the value of -9 + -7 + 10 + -3 - 0?
-9
Evaluate -5 - (3 + 0 + 1 + -3).
-6
Evaluate 20 - 20 - (0 + 0).
0
What is -8 + (3 - (-23 + 8))?
10
What is -3 - (3 + -1 - 1) - 1?
-5
Evaluate 2 + -1 - ((-1 - -3) + 0).
-1
What is -5 + (2 - -5) - (2 + 1)?
-1
Calculate (2 - 0) + (5 - 4).
3
Evaluate (-8 - (7 + -6)) + 7 + 9.
7
What is (-22 - -19) + (10 + -1 - 1)?
5
What is the value of -3 + 13 + -19 - -6?
-3
-8 + (2 + 2 - -6)
2
What is (1 - 6 - 0) + 51 + -52?
-6
Evaluate 4 - (1 + (3 - 1)).
1
What is (-5 - -9) + -9 - -4?
-1
Evaluate 17 + 0 + (-17 - -12) + -7.
5
What is 8 - (-5 - -7) - 3?
3
What is the value of (-5 - (0 - (-2 - -4))) + 6?
3
Evaluate 2 + (-10 + 0 - (-10 + 6)).
-4
Evaluate 4 + (-6 - (3 + -1 + -5)).
1
What is 7 + -4 + -1 - 1?
1
Evaluate 0 + (-3 - 0) + 5 + 2.
4
Calculate 3 + 2 + 0 + -6.
-1
(5 - (6 - 3)) + -4
-2
-7 - -3 - -10 - 2
4
Calculate 2 - 10 - -9 - 2.
-1
Calculate 1 + (-7 - (-8 - -2)).
0
-1 - (-8 - -3 - (-4 + 5))
5
Evaluate -1 - (-2 + -1) - 3.
-1
What is -7 + 0 - (-118 - -106)?
5
What is the value of 2 - -4 - (1 + 2) - 4?
-1
What is the value of -1 + 0 - (0 + (-2 - 1))?
2
What is -2 - ((5 - (5 - 3)) + -4)?
-1
What is -11 + -3 + (1 - -1) + 6?
-6
What is -5 + -3 + -2 + 11 + 0?
1
Evaluate -1 + (4 - (-4 - -5)).
2
Evaluate -3 - (-2 + 1 - (0 + -3)).
-5
Evaluate -12 + 7 + -2 - -8.
1
What is the value of 1 - (-11 - -1) - (-2 - -7)?
6
What is 2 + 1 - (-5 - (1 + -5))?
4
What is 7 + 1 + 2 + -7?
3
What is -7 + 14 - 5 - -5?
7
What is (3 - 5) + 0 + -3 + 0?
-5
Calculate 13 + -12 + -9 + 4.
-4
3 - (2 - (4 - 0))
5
Evaluate (-3 - -6) + -3 - 3.
-3
0 - ((-2 - 2) + 1 - -1)
2
What is the value of -11 + (-6 - -36) - 12?
7
6 + -1 - (176 - 165)
-6
What is the value of (10 - 13) + 4 + 0?
1
Evaluate -5 + -6 + 5 + 7.
1
What is the value of 4 - (0 + 1 + 3)?
0
What is -1 - ((1 - 1) + 8 + -10)?
1
(2 - 6) + (8 - -3)
7
(3 - (7 + 0)) + 7
3
Calculate (2 - (-7 - (6 + -15))) + 6.
6
Evaluate (-1 - 2) + 1 + -5 + 4.
-3
What is the value of (1 - (-3 + -1 + 5)) + -3?
-3
Calculate (1 - 6) + (0 - 0) + 3.
-2
(-2 - -2) + (-2 - 2)
-4
What is (-1 + -3 - -3) + 0 + 4?
3
Evaluate 6 - (0 - (-1 + (4 - 4))).
5
What is (27 + -17 - (0 - -5)) + -5?
0
Evaluate -3 - (-4 - -5 - 9).
5
What is -2 + 1 + 0 + -2 + 9?
6
Calculate 9 + (0 - (6 + -1)).
4
Calculate -3 + 0 - (11 - 12).
-2
Evaluate 5 - ((8 - 5) + 0).
2
Calculate -2 - ((-6 - -11) + -6 + 2).
-3
Evaluate -21 - (-3 + -20) - (-4 + 0).
6
Evaluate -21 - ((-5 - 10) + 0).
-6
Evaluate -3 - (-7 + 3 + 2 + -6).
5
-6 + 10 + 2 + -2
4
Evaluate -1 + 1 + (1 - -6).
7
Calculate (0 - 2) + 20 + (-14 - 5).
-1
What is the value of 3 + (-2 - -3) - 0?
4
What is the value of 4 + -1 + 1 + 6 + -12?
-2
Evaluate 0 + 1 + 1 - 6.
-4
-49 + 48 - (0 + -1 + -1)
1
7 - (1 + 1 + 5)
0
What is 13 - (7 + -2 + 3)?
5
(1 - (-5 - -3)) + -1 - -2
4
Evaluate 2 + -4 + 2 + -2 + 1.
-1
Calculate 2 - (5 + (1 - (0 + 2))).
-2
Calculate -3 + (10 + -14 - (-8 - 0)).
1
Calculate -7 - (4 + -9 + -7).
5
5 - (0 - (-1 - (1 - -3)))
0
Evaluate -3 - (22 + -23 - (3 - -1)).
2
Calculate -1 - (-8 + 9 + -9).
7
What is 2 + (0 - -7 - (7 + -6))?
8
1 + -6 - (-2 + (11 - 18))
4
Evaluate 3 - (-7 + 5 - -7) - -3.
1
Calculate (1 - -4) + 2 + -1.
6
What is -2 + (3 - 6) + 3 + 3?
1
0 - (4 + 5 + -6 + -3)
0
What is the value of 7 - (-3 - 0 - (-8 - -2))?
4
(1 - -9 - (3 - 5)) + -6
6
What is -1 - -3 - ((-5 - -5) + 0)?
2
What is the value of (6 - (-5 - -18)) + 3?
-4
Evaluate 9 + -10 + (2 - 6).
-5
Evaluate 3 + 7 + 3 + -6.
7
Evaluate (-4 - -5) + (0 - 2 - -5).
4
What is the value of 3 - -2 - -1 - 2?
4
Calculate -16 + (12 - -3 - 5).
-6
What is the value of -1 + (12 - 7) - (-3 + 0)?
7
Calculate 0 - (2 - 6 - -3).
1
Calculate -6 + (-9 - -6) + 7.
-2
-1 - 3 - (5 + -8 - -1)
-2
-11 + 9 + (-2 - -2 - 5)
-7
What is the value of 20 - (10 + 10) - (2 - 0)?
-2
What is 8 + (14 + -11 - 14)?
-3
Calculate -12 + 23 + (-6 - 15).
-10
-12 + 7 - 8 - -6
-7
What is the value of (11 - 4) + -2 + -11 + 7?
1
What is -1 + 2 + 3 + 4 + -5?
3
What is the value of 1 + -3 + 4 - (-2 + 0)?
4
What is -6 - -1 - (-11 - 5 - -13)?
-2
Evaluate 9 + -9 + (-5 - 1).
-6
What is 11 + -10 + 1 + 0?
2
Calculate 5 - 18 - -5 - -2.
-6
5 + -10 - (-5 + 1 - 1)
0
Evaluate -3 + -1 - -7 - (1 - 3).
5
What is the value of (21 - 21) + 4 + (-1 - 0)?
3
(-6 - (0 + -1)) + 10
5
What is (0 - 2) + 0 - (1 + -5)?
2
Calculate 15 + -31 - -9 - (-2 - 0).
-5
What is the value of 2 - 1 - (61 - 54)?
-6
(-9 - -5 - 4) + -2 - -4
-6
What is the value of 2 + -5 + 2 + 0 - -2?
1
-1 - ((4 - 2) + 0)
-3
What is 4 + -6 - (-4 + 4 + -7)?
5
0 + 4 - (-36 - -36)
4
Calculate (3 - 1) + -3 + 0 + 3.
2
(5 - 1) + -4 - 5
-5
What is the value of (-5 - -12) + 0 + -5 + 4?
6
-12 + -11 + 14 + (1 - -4)
-4
What is the value of -14 - -18 - (12 + -3)?
-5
What is (-1 - (2 + -5)) + -3 + 2?
1
Calculate (0 - 2) + 2 + -2 - -2.
0
12 - (-2 - -1 - (9 - 15))
7
What is (1 - 2) + -3 + 6?
2
Calculate -3 + 0 + 2 + 0 - 0.
-1
What is (1 + 0 - -13) + -6?
8
What is 0 + 6 + -11 - -7?
2
3 - -5 - (18 - 7)
-3
Calculate (8 - -1 - 2) + (-19 - -17).
5
What is the value of 94 + -94 + -1 + -5 + -2?
-8
-3 - 4 - (-7 + (4 - 2))
-2
Evaluate -2 + (0 - (-2 + -3 + 3)).
0
What is (-1 - 6) + 0 + 2?
-5
What is the value of 0 + -13 + (10 + 1 - 5)?
-7
What is the value of (-5 - -4) + (1 - -5)?
5
8 + (1 - 3) + -10 - -6
2
What is the value of (7 - -3) + (23 - 30)?
3
8 - (20 + -4 - 9)
1
What is the value of -5 - (2 - (10 - 4))?
-1
Calculate (-11 - (14 + -25)) + (0 - -1).
1
Evaluate 3 + 8 + -9 + 5.
7
Calculate -1 + (-1 - -9) - 12.
-5
Calculate -6 + 2 + 5 - (1 + 1).
-1
What is the value of (2 - 5 - (-4 - -3)) + -2?
-4
1 - (-8 + 1 + 3 - -3)
2
Evaluate 11 + (1 - -2) + -10.
4
What is -7 + 22 + -5 + -5?
5
6 + 1 - 4 - -7
10
What is -13 + -4 + 10 + 4?
-3
11 - 0 - (11 + -22 + 15)
7
What is (4 - 7) + 3 + -6 + 3?
-3
What is -3 + -3 + 1 + -1 + 8?
2
What is the value of -1 + -1 + -6 + 12 + -4?
0
What is the value of 6 + 